{"id":737,"date":"2025-04-09T16:31:24","date_gmt":"2025-04-09T09:31:24","guid":{"rendered":"https:\/\/xedaptwitter.com.vn\/?post_type=product&#038;p=737"},"modified":"2026-03-16T12:50:22","modified_gmt":"2026-03-16T05:50:22","slug":"twitter-e5-pro-xe-dap-tro-luc","status":"publish","type":"product","link":"https:\/\/xedaptwitter.com.vn\/?product=twitter-e5-pro-xe-dap-tro-luc","title":{"rendered":"Xe \u0111\u1ea1p tr\u1ee3 l\u1ef1c Twitter E5 Pro"},"content":{"rendered":"<h2><span id=\"TWITTER_E5_PRO_Chiec_Tro_luc_dien_co_Gia_on_ap_cua_Twitter\"><strong>TWITTER E5 PRO \u2013 Chi\u1ebfc Tr\u1ee3 l\u1ef1c \u0111i\u1ec7n c\u00f3 Gi\u00e1 t\u1ed1t c\u1ee7a Twitter<\/strong><\/span><\/h2>\n<p>Xe \u0111\u1ea1p Twitter th\u01b0\u01a1ng hi\u1ec7u \u0111\u00e3 qu\u00e1 ph\u1ed5 bi\u1ebfn v\u1edbi ng\u01b0\u1eddi d\u00f9ng xe \u0111\u1ea1p c\u01a1 r\u1ed3i<\/p>\n<p>V\u1edbi<strong> Twitter E300 Pro<\/strong> c\u0169ng \u0111\u00e3 \u0111\u01b0\u1ee3c \u01b0a chu\u1ed9ng kh\u00e1 nhi\u1ec1u trong th\u01a1i gian qua. Tuy nhi\u00ean E300 Pro c\u0169ng c\u00f3 m\u1ee9c gi\u00e1 c\u00f3 th\u1ec3 kh\u00f3 ti\u1ebfp c\u1eadn v\u1edbi ng\u01b0\u1eddi m\u1edbi ch\u01a1i Tr\u1ee3 l\u1ef1c \u0111i\u1ec7n<\/p>\n<p>Nay Twitter ti\u1ebfp t\u1ee5c ra \u0111\u1eddi <strong>E5 Pro<\/strong> v\u1edbi c\u1ea5u h\u00ecnh kh\u00e1 ngon m\u00e0 Gi\u00e1 c\u0169ng t\u01b0\u01a1ng \u0111\u1ed1i d\u1ec5 ti\u1ebfp c\u1eadn h\u01a1n so v\u1edbi E300 Pro<\/p>\n<p><img loading=\"lazy\" decoding=\"async\" class=\"alignnone wp-image-738 size-full\" src=\"https:\/\/xedaptwitter.com.vn\/wp-content\/uploads\/2025\/04\/TWITTER-5-PRO-e1768878076740.png\" alt=\"\" width=\"1080\" height=\"855\" srcset=\"https:\/\/xedaptwitter.com.vn\/wp-content\/uploads\/2025\/04\/TWITTER-5-PRO-e1768878076740.png 1080w, https:\/\/xedaptwitter.com.vn\/wp-content\/uploads\/2025\/04\/TWITTER-5-PRO-e1768878076740-300x238.png 300w, https:\/\/xedaptwitter.com.vn\/wp-content\/uploads\/2025\/04\/TWITTER-5-PRO-e1768878076740-1024x811.png 1024w, https:\/\/xedaptwitter.com.vn\/wp-content\/uploads\/2025\/04\/TWITTER-5-PRO-e1768878076740-768x608.png 768w, https:\/\/xedaptwitter.com.vn\/wp-content\/uploads\/2025\/04\/TWITTER-5-PRO-e1768878076740-600x475.png 600w\" sizes=\"auto, (max-width: 1080px) 100vw, 1080px\" \/><\/p>\n<h3><\/h3>\n<h3><span id=\"Voi_E5_Pro_chung_ta_se_duoc_trang_bi_nhu_the_nao\">V\u1edbi E5 Pro ch\u00fang ta s\u1ebd \u0111\u01b0\u1ee3c trang b\u1ecb nh\u01b0 th\u1ebf n\u00e0o?<\/span><\/h3>\n<p>M\u1eb7c d\u00f9 l\u00e0 v\u1edbi m\u1ee9c G\u00eda kh\u00e1 t\u1ed1t nh\u01b0ng Twitter c\u0169ng \u0111\u00e3 trang b\u1ecb cho E5 Pro 1 c\u1ea5u h\u00ecnh kh\u00e1 x\u1ecbn, h\u01a1n h\u1eb5n nh\u1eefng \u0111\u1ed1i th\u1ee7 trong c\u00f9ng ph\u00e2n kh\u00fac.<\/p>\n<div class=\"xdj266r x11i5rnm xat24cr x1mh8g0r x1vvkbs x126k92a\">\n<div dir=\"auto\">\n<h3 id=\"mcetoc_1gd28fvit5\"><span id=\"Pin_Lithium_co_the_thao_roi_de_dang\"><strong>Pin Lithium c\u00f3 th\u1ec3 th\u00e1o r\u1eddi d\u1ec5 d\u00e0ng<\/strong><\/span><\/h3>\n<\/div>\n<div dir=\"auto\">V\u1edbi vi\u00ean <strong>Pin Litium 36V 10Ah<\/strong>\u00a0s\u1ebd gi\u00fap cho <strong>Twitter E5 Pro<\/strong> tr\u1ee3 l\u1ef1c \u0111i\u1ec7n qu\u00e3ng \u0111\u01b0\u1eddng l\u00ean \u0111\u1ebfn 80Km cho 1 l\u1ea7n s\u1ea1c. V\u1edbi dung l\u01b0\u1ee3ng n\u00e0y, vi\u1ec7c \u0111i l\u1ea1i h\u00e0ng ng\u00e0y l\u00e0 qu\u00e1 tho\u1ea3i m\u00e1i v\u1edbi E5 Pro.<\/div>\n<div dir=\"auto\"><\/div>\n<div dir=\"auto\"><img loading=\"lazy\" decoding=\"async\" class=\"alignnone size-full wp-image-742\" src=\"https:\/\/xedaptwitter.com.vn\/wp-content\/uploads\/2025\/04\/Twittter-E5-pro-T41.png\" alt=\"\" width=\"1080\" height=\"1080\" srcset=\"https:\/\/xedaptwitter.com.vn\/wp-content\/uploads\/2025\/04\/Twittter-E5-pro-T41.png 1080w, https:\/\/xedaptwitter.com.vn\/wp-content\/uploads\/2025\/04\/Twittter-E5-pro-T41-300x300.png 300w, https:\/\/xedaptwitter.com.vn\/wp-content\/uploads\/2025\/04\/Twittter-E5-pro-T41-1024x1024.png 1024w, https:\/\/xedaptwitter.com.vn\/wp-content\/uploads\/2025\/04\/Twittter-E5-pro-T41-150x150.png 150w, https:\/\/xedaptwitter.com.vn\/wp-content\/uploads\/2025\/04\/Twittter-E5-pro-T41-768x768.png 768w, https:\/\/xedaptwitter.com.vn\/wp-content\/uploads\/2025\/04\/Twittter-E5-pro-T41-600x600.png 600w, https:\/\/xedaptwitter.com.vn\/wp-content\/uploads\/2025\/04\/Twittter-E5-pro-T41-100x100.png 100w\" sizes=\"auto, (max-width: 1080px) 100vw, 1080px\" \/><\/div>\n<div dir=\"auto\">\u0110\u1ed3ng th\u1eddi Pin Lithium-ion c\u1ee7a xe \u0111\u1ea1p \u0111i\u1ec7n Twitter c\u00f3 c\u00e1c ch\u1ee9c n\u0103ng b\u1ea3o v\u1ec7 qu\u00e1 t\u1ea3i, qu\u00e1 d\u00f2ng v\u00e0 ch\u1ed1ng \u0111o\u1ea3n m\u1ea1ch.<\/div>\n<\/div>\n<div dir=\"auto\"><\/div>\n<div dir=\"auto\">\n<div dir=\"auto\">\n<div class=\"nectar-highlighted-text\" data-style=\"full_text\" data-exp=\"default\" data-using-custom-color=\"false\" data-animation-delay=\"false\" data-color=\"\" data-color-gradient=\"\">\n<h3 id=\"mcetoc_1gd28fkc74\"><span id=\"Dong_co_khong_choi_than_350W\"><strong>\u0110\u1ed9ng c\u01a1 kh\u00f4ng ch\u1ed5i than 350W<\/strong><\/span><\/h3>\n<\/div>\n<div class=\"wpb_text_column wpb_content_element \">\n<div class=\"wpb_wrapper\">\n<p>Twitter trang b\u1ecb chung cho <strong>E5 Pro<\/strong> Phi\u00ean b\u1ea3n to\u00e0n c\u1ea7u \u0111\u1ed9ng c\u01a1 kh\u00f4ng ch\u1ed5i than 350w v\u1edbi momen xo\u1eafn l\u00ean \u0111\u1ebfn 50Nm<\/p>\n<p><img loading=\"lazy\" decoding=\"async\" class=\"alignnone size-medium wp-image-2373\" src=\"https:\/\/antamebike.com\/wp-content\/uploads\/2024\/03\/E300-Pro-motor-2-300x300.jpeg\" sizes=\"auto, (max-width: 300px) 100vw, 300px\" srcset=\"https:\/\/antamebike.com\/wp-content\/uploads\/2024\/03\/E300-Pro-motor-2-300x300.jpeg 300w, https:\/\/antamebike.com\/wp-content\/uploads\/2024\/03\/E300-Pro-motor-2-1024x1024.jpeg 1024w, https:\/\/antamebike.com\/wp-content\/uploads\/2024\/03\/E300-Pro-motor-2-150x150.jpeg 150w, https:\/\/antamebike.com\/wp-content\/uploads\/2024\/03\/E300-Pro-motor-2-768x768.jpeg 768w, https:\/\/antamebike.com\/wp-content\/uploads\/2024\/03\/E300-Pro-motor-2-600x600.jpeg 600w, https:\/\/antamebike.com\/wp-content\/uploads\/2024\/03\/E300-Pro-motor-2-100x100.jpeg 100w, https:\/\/antamebike.com\/wp-content\/uploads\/2024\/03\/E300-Pro-motor-2.jpeg 1200w\" alt=\"\" width=\"300\" height=\"300\" \/><\/p>\n<p>V\u1edbi c\u00f4ng su\u1ea5t 350w (Peak 500w), K\u1ebft h\u1ee3p v\u1edbi B\u1ed9 \u0111i\u1ec1u khi\u1ec3n th\u00f4ng minh \u0111\u00e3 gi\u00fap <strong>E5 Pro<\/strong> cho v\u1eadn t\u1ed1c \u0111i\u1ec7n l\u00ean 45km\/h d\u1ec5 d\u00e0ng.<\/p>\n<p>\u0110\u1ed1i v\u1edbi m\u1ed9t chi\u1ebfc xe tr\u1ee3 l\u1ef1c \u0111i\u1ec7n th\u00ec <em><strong>v\u1eadn t\u1ed1c 45km\/h<\/strong><\/em> l\u00e0 qu\u00e1 d\u01b0 d\u1ea3 v\u1ec1 t\u1ed1c \u0111\u1ed9, K\u1ebft h\u1ee3p c\u00f9ng v\u1edbi vi\u00ean Pin Litium 36V 10Ah th\u00ec gi\u00fap b\u1ea1n \u0111i l\u1ea1i h\u00e0ng ng\u00e0y kh\u00e1 tho\u1ea3i m\u00e1i.<\/p>\n<\/div>\n<\/div>\n<h3 id=\"mcetoc_1gd28fvit5\"><span id=\"Bo_Groupset_cao_cap_Retrospec_8_cap\">B\u1ed9 Groupset Shimano 8 c\u1ea5p<\/span><\/h3>\n<\/div>\n<div dir=\"auto\">\n<div dir=\"auto\">Twitter th\u00ec \u0111\u00e3 qu\u00e1 n\u1ed5i ti\u1ebfng v\u1edbi c\u00e1c d\u00f2ng xe \u0111\u1ea1p c\u01a1 n\u00ean <strong>E5 Pro<\/strong> \u0111\u01b0\u1ee3c trang b\u1ecb b\u1ed9 Groupset x\u1ecbn x\u00f2 l\u00e0 kh\u00f4ng c\u00f3 g\u00ec b\u1ea5t ng\u1edd<\/div>\n<div dir=\"auto\">V\u1edbi b\u1ed9 chuy\u1ec3n \u0111\u1ed9ng Shimano 8 c\u1ea5p gi\u00fap c\u00e1c Biker tho\u1ea3 s\u1ee9c \u0111\u1ea1p kh\u00e1 tho\u1ea3i m\u00e1i cho m\u1ecdi cung \u0111\u01b0\u1eddng.<\/div>\n<div dir=\"auto\"><\/div>\n<div dir=\"auto\"><img loading=\"lazy\" decoding=\"async\" class=\"alignnone size-full wp-image-740\" src=\"https:\/\/xedaptwitter.com.vn\/wp-content\/uploads\/2025\/04\/TWITTER-5-PRO-2.png\" alt=\"\" width=\"1080\" height=\"1080\" srcset=\"https:\/\/xedaptwitter.com.vn\/wp-content\/uploads\/2025\/04\/TWITTER-5-PRO-2.png 1080w, https:\/\/xedaptwitter.com.vn\/wp-content\/uploads\/2025\/04\/TWITTER-5-PRO-2-300x300.png 300w, https:\/\/xedaptwitter.com.vn\/wp-content\/uploads\/2025\/04\/TWITTER-5-PRO-2-1024x1024.png 1024w, https:\/\/xedaptwitter.com.vn\/wp-content\/uploads\/2025\/04\/TWITTER-5-PRO-2-150x150.png 150w, https:\/\/xedaptwitter.com.vn\/wp-content\/uploads\/2025\/04\/TWITTER-5-PRO-2-768x768.png 768w, https:\/\/xedaptwitter.com.vn\/wp-content\/uploads\/2025\/04\/TWITTER-5-PRO-2-600x600.png 600w, https:\/\/xedaptwitter.com.vn\/wp-content\/uploads\/2025\/04\/TWITTER-5-PRO-2-100x100.png 100w\" sizes=\"auto, (max-width: 1080px) 100vw, 1080px\" \/><\/div>\n<div dir=\"auto\"><\/div>\n<\/div>\n<div dir=\"auto\"><\/div>\n<\/div>\n<div dir=\"auto\">\n<div dir=\"auto\">\n<h3 id=\"mcetoc_1gd28fvit5\"><span id=\"Phanh_dia_thuy_luc_Retrospec_truoc_va_sau\">Phanh \u0111\u0129a thu\u1ef7 l\u1ef1c Retrospec tr\u01b0\u1edbc v\u00e0 sau<\/span><\/h3>\n<\/div>\n<div dir=\"auto\">Vi\u1ec7c \u0111\u01b0\u1ee3c trang b\u1ecb Phanh D\u1ea7u, \u0111\u00e3 gi\u00fap tr\u1ea3i nghi\u1ec7m E5 Pro \u0111\u01b0\u1ee3c an to\u00e0n h\u01a1n h\u1eb5n tr\u00ean m\u1ecdi cung \u0111\u01b0\u1eddng, \u0111\u1ed3ng th\u1eddi so v\u1edbi c\u00e1c xe \u0111\u1ea1p tr\u1ee3 l\u1ef1c \u0111i\u1ec7n c\u00f9ng t\u1ea7m gi\u00e1 tr\u00ean th\u1ecb tr\u01b0\u1eddng th\u00ec \u0111\u00e2y l\u00e0 1 trang b\u1ecb r\u1ea5t \u0111\u00e1ng gi\u00e1.<\/div>\n<div dir=\"auto\"><\/div>\n<div dir=\"auto\"><\/div>\n<div dir=\"auto\"><img loading=\"lazy\" decoding=\"async\" class=\"alignnone size-full wp-image-741\" src=\"https:\/\/xedaptwitter.com.vn\/wp-content\/uploads\/2025\/04\/TWITTER-5-PRO-3.png\" alt=\"\" width=\"1080\" height=\"1080\" srcset=\"https:\/\/xedaptwitter.com.vn\/wp-content\/uploads\/2025\/04\/TWITTER-5-PRO-3.png 1080w, https:\/\/xedaptwitter.com.vn\/wp-content\/uploads\/2025\/04\/TWITTER-5-PRO-3-300x300.png 300w, https:\/\/xedaptwitter.com.vn\/wp-content\/uploads\/2025\/04\/TWITTER-5-PRO-3-1024x1024.png 1024w, https:\/\/xedaptwitter.com.vn\/wp-content\/uploads\/2025\/04\/TWITTER-5-PRO-3-150x150.png 150w, https:\/\/xedaptwitter.com.vn\/wp-content\/uploads\/2025\/04\/TWITTER-5-PRO-3-768x768.png 768w, https:\/\/xedaptwitter.com.vn\/wp-content\/uploads\/2025\/04\/TWITTER-5-PRO-3-600x600.png 600w, https:\/\/xedaptwitter.com.vn\/wp-content\/uploads\/2025\/04\/TWITTER-5-PRO-3-100x100.png 100w\" sizes=\"auto, (max-width: 1080px) 100vw, 1080px\" \/><\/div>\n<div dir=\"auto\"><\/div>\n<div dir=\"auto\"><strong>Twitter E5 Pro<\/strong> v\u1edbi Phanh d\u1ea7u Retrospec cao c\u1ea5p tr\u01b0\u1edbc v\u00e0 sau cho tr\u1ea3i nghi\u00eam kh\u00e1 an to\u00e0n khi l\u00e1i em n\u00f3 d\u00f9 b\u1ea5t k\u1ef3 cung \u0111\u01b0\u1eddng, \u0111\u1ecba h\u00ecnh hay th\u1eddi ti\u1ebft n\u00e0o.<\/div>\n<div dir=\"auto\">\n<h3><\/h3>\n<h3 id=\"mcetoc_1gd28fkc74\"><span id=\"Phuot_giam_shock_Twitter_cao_cap\">Phu\u1ed9t gi\u1ea3m shock Twitter cao c\u1ea5p<\/span><\/h3>\n<p>M\u1ed9t chi\u1ebfc MTB th\u00ec kh\u00f4ng th\u1ec3 thi\u1ebfu Phu\u1ed9c gi\u1ea3m shock l\u00e0 \u0111i\u1ec1u hi\u1ec3n nhi\u00ean.<\/p>\n<p><img loading=\"lazy\" decoding=\"async\" class=\"alignnone size-large wp-image-744\" src=\"https:\/\/xedaptwitter.com.vn\/wp-content\/uploads\/2025\/04\/TWITTER-5-PRO-4-1024x1024.png\" alt=\"\" width=\"1024\" height=\"1024\" srcset=\"https:\/\/xedaptwitter.com.vn\/wp-content\/uploads\/2025\/04\/TWITTER-5-PRO-4-1024x1024.png 1024w, https:\/\/xedaptwitter.com.vn\/wp-content\/uploads\/2025\/04\/TWITTER-5-PRO-4-300x300.png 300w, https:\/\/xedaptwitter.com.vn\/wp-content\/uploads\/2025\/04\/TWITTER-5-PRO-4-150x150.png 150w, https:\/\/xedaptwitter.com.vn\/wp-content\/uploads\/2025\/04\/TWITTER-5-PRO-4-768x768.png 768w, https:\/\/xedaptwitter.com.vn\/wp-content\/uploads\/2025\/04\/TWITTER-5-PRO-4-600x600.png 600w, https:\/\/xedaptwitter.com.vn\/wp-content\/uploads\/2025\/04\/TWITTER-5-PRO-4-100x100.png 100w, https:\/\/xedaptwitter.com.vn\/wp-content\/uploads\/2025\/04\/TWITTER-5-PRO-4.png 1080w\" sizes=\"auto, (max-width: 1024px) 100vw, 1024px\" \/><\/p>\n<p><img loading=\"lazy\" decoding=\"async\" class=\"alignnone wp-image-745\" src=\"https:\/\/xedaptwitter.com.vn\/wp-content\/uploads\/2025\/04\/Hdad058854ad744e0b63ad1224a1aad4aJ.avif\" alt=\"\" width=\"375\" height=\"300\" \/> <img loading=\"lazy\" decoding=\"async\" class=\"alignnone wp-image-746\" src=\"https:\/\/xedaptwitter.com.vn\/wp-content\/uploads\/2025\/04\/H3379ba887c9441bd88a5f4d7b5e95508D.avif\" alt=\"\" width=\"375\" height=\"300\" \/><\/p>\n<\/div>\n<p><strong>Twitter<\/strong> v\u00ec th\u1ebf c\u0169ng \u0111\u00e3 trang b\u1ecb cho <strong>E5 Pro<\/strong> 1 c\u1eb7p Phu\u1ed9c kh\u00e1 x\u1ecbn x\u00f2 v\u1edbi kh\u1ea3 n\u0103ng c\u00f3 th\u1ec3 Kho\u00e1\/m\u1edf, \u0111i\u1ec1u ch\u1ec9nh v\u00e0 tinh ch\u1ec9nh tu\u1ef3 v\u00e0o t\u1eebng \u0111\u1ecba h\u00ecnh s\u1eed d\u1ee5ng<\/p>\n<p>\u0110\u00e2y l\u00e0 trang b\u1ecb kh\u00e1 \u01b0u th\u1ebf so v\u1edbi c\u00e1c chi\u1ebfc xe kh\u00e1c trong c\u00f9ng ph\u00e2n kh\u00fac do \u0111a s\u1ed1 ch\u1ec9 trang b\u1ecb Phu\u1ed9t l\u00f2 xo ho\u1eb7c phu\u1ed9c d\u1ea7u lo\u1ea1i ch\u1ea5t l\u01b0\u1ee3ng k\u00e9m h\u01a1n.<\/p>\n<\/div>\n<div class=\"xdj266r x11i5rnm xat24cr x1mh8g0r x1vvkbs x126k92a\">\n<h3 dir=\"auto\"><span id=\"Man_hinh_LCD_kich_thuoc_lon_hien_thi_sac_net_voi_anh_sang_manh\"><span class=\"x3nfvp2 x1j61x8r x1fcty0u xdj266r xhhsvwb xat24cr xgzva0m xxymvpz xlup9mm x1kky2od\"><img loading=\"lazy\" decoding=\"async\" class=\"xz74otr\" src=\"https:\/\/static.xx.fbcdn.net\/images\/emoji.php\/v9\/t69\/1\/16\/1f331.png\" alt=\"\ud83c\udf31\" width=\"16\" height=\"16\" \/><\/span> M\u00e0n h\u00ecnh LCD k\u00edch th\u01b0\u1edbc l\u1edbn, hi\u1ec7n th\u1ecb s\u1eafc n\u00e9t v\u1edbi \u00e1nh s\u00e1ng m\u1ea1nh<\/span><\/h3>\n<p><img loading=\"lazy\" decoding=\"async\" class=\"alignnone size-medium wp-image-747\" src=\"https:\/\/xedaptwitter.com.vn\/wp-content\/uploads\/2025\/04\/Hfb0bd33baee54ba4877c0c8532cab9dcZ-300x240.jpg\" alt=\"\" width=\"300\" height=\"240\" srcset=\"https:\/\/xedaptwitter.com.vn\/wp-content\/uploads\/2025\/04\/Hfb0bd33baee54ba4877c0c8532cab9dcZ-300x240.jpg 300w, https:\/\/xedaptwitter.com.vn\/wp-content\/uploads\/2025\/04\/Hfb0bd33baee54ba4877c0c8532cab9dcZ-600x480.jpg 600w, https:\/\/xedaptwitter.com.vn\/wp-content\/uploads\/2025\/04\/Hfb0bd33baee54ba4877c0c8532cab9dcZ.jpg 750w\" sizes=\"auto, (max-width: 300px) 100vw, 300px\" \/><img loading=\"lazy\" decoding=\"async\" class=\"alignnone size-medium wp-image-743\" src=\"https:\/\/xedaptwitter.com.vn\/wp-content\/uploads\/2025\/04\/86cf2b46-0d98-4728-85bf-713c7c387bab.__CR00600450_PT0_SX600_V1___-300x225.jpg\" alt=\"\" width=\"300\" height=\"225\" srcset=\"https:\/\/xedaptwitter.com.vn\/wp-content\/uploads\/2025\/04\/86cf2b46-0d98-4728-85bf-713c7c387bab.__CR00600450_PT0_SX600_V1___-300x225.jpg 300w, https:\/\/xedaptwitter.com.vn\/wp-content\/uploads\/2025\/04\/86cf2b46-0d98-4728-85bf-713c7c387bab.__CR00600450_PT0_SX600_V1___.jpg 600w\" sizes=\"auto, (max-width: 300px) 100vw, 300px\" \/><\/p>\n<\/div>\n<div class=\"x11i5rnm xat24cr x1mh8g0r x1vvkbs xtlvy1s x126k92a\"><\/div>\n<p>M\u00e0n h\u00ecnh LCD hi\u1ec7n th\u1ecb r\u00f5 n\u00e9t v\u1edbi \u00e1nh s\u00e1ng m\u1ea1nh ngo\u00e0i tr\u1eddi, \u0111\u01b0\u1ee3c b\u1ed1 tr\u00ed b\u00ean tr\u00e1i tay n\u1eafm Ghi-\u0111\u00f4ng gi\u00fap ng\u01b0\u1eddi d\u00f9ng d\u1ec5 quan s\u00e1t r\u00f5 r\u00e0ng v\u00e0 thu\u1eadn ti\u1ec7n trong vi\u1ec7c v\u1eadn h\u00e0nh xe.<\/p>\n<p>K\u1ebft h\u1ee3p c\u00f9ng Ghi-\u0111\u00f4ng d\u00e0i, cho tr\u1ea3i nghi\u1ec7m l\u00e1i E5Pro kh\u00e1 tho\u00e1i m\u00e1i d\u00f9 \u0111\u1ea1p trong 1 qu\u00e3ng \u0111\u01b0\u1eddng d\u00e0i.<\/p>\n<p>Th\u00f4ng s\u1ed1 k\u1ef9 thu\u1eadt:<\/p>\n<ul>\n<li>Khung xe nh\u00f4m h\u1ee3p kim 6061<\/li>\n<li>B\u00e1nh xe: 27.5 x 2.15inch<\/li>\n<li>Tr\u1ecdng l\u01b0\u1ee3ng: 21 kg<\/li>\n<li>K\u00edch th\u01b0\u1edbc: <strong>1740 x 660 x 1050 mm<\/strong><\/li>\n<\/ul>\n<p>T\u1ed5ng th\u1ec3 v\u1edbi t\u1ea7m gi\u00e1 h\u01a1n 10tr v\u1edbi nh\u1eefng trang b\u1ecb c\u1ee7a <strong>E5 Pro<\/strong> c\u00f9ng v\u1edbi ch\u1ea5t l\u01b0\u1ee3ng ho\u00e0n thi\u1ec7n c\u1ee7a nh\u00e0 Twitter th\u00ec r\u00f5 r\u00e0ng E5 Pro n\u1ed5i tr\u1ed5i h\u01a1n h\u1eb5n c\u00e1c \u0111\u1ed1i th\u1ee7 trong c\u00f9ng ph\u00e2n kh\u00fac.<\/p>\n<p>Li\u00ean h\u1ec7 xedaptwitter.com.vn lu\u00f4n c\u00f3 m\u1ee9c gi\u00e1 v\u00e0 khuy\u1ebfn m\u00e3i t\u1ed1t nh\u1ea5t cho Twitter E300 Pro<\/p>\n<p>Hotline t\u01b0 v\u1ea5n: <strong>0916.504.228<\/strong><\/p>\n","protected":false},"excerpt":{"rendered":"<p><strong>Twitter E5 Pro \u2013 Chi\u1ebfc tr\u1ee3 l\u1ef1c \u0111i\u1ec7n Gi\u00e1 t\u1ed1t<\/strong><\/p>\n<ul>\n<li style=\"list-style-type: none;\">\n<ul>\n<li>Khung nh\u00f4m 6061: Kh\u00f4ng m\u1ed1i h\u00e0n<\/li>\n<li>Pin Lithium <strong>36V 10Ah<\/strong>: Tr\u1ee3 l\u1ef1c \u0111i\u1ec7n <strong>qu\u00e3ng \u0111\u01b0\u1eddng l\u00ean \u0111\u1ebfn 80km<\/strong><\/li>\n<li>\u0110\u1ed9ng c\u01a1 350W (Peak 500w) cho <strong>v\u1eadn t\u1ed1c \u0111i\u1ec7n 45km\/h<\/strong><\/li>\n<li>3 ch\u1ebf \u0111\u1ed9 l\u00e1i: \u0111\u1ea1p kh\u00f4ng c\u01a1, tr\u1ee3 l\u1ef1c \u0111i\u1ec7n v\u00e0 thu\u1ea7n \u0111i\u1ec7n.<\/li>\n<li><strong>Phanh \u0111\u0129a thu\u1ef7 l\u1ef1c (d\u1ea7u) Retrospec<\/strong><\/li>\n<li>Phu\u1ed9c D\u1ea7u cao c\u1ea5p Twitter: kho\u00e1\/m\u1edf h\u00e0nh tr\u00ecnh<\/li>\n<li>B\u1ed9 Groupset Shimano<strong>\u00a08 C\u1ea5p<\/strong><\/li>\n<li>L\u1ed1p 29 x 2.0 \u0111\u1ea1p si\u00eau l\u01b0\u1edbt.<\/li>\n<li>Tr\u1ecdng l\u01b0\u1ee3ng 21kg<\/li>\n<li>Tr\u1ecdng t\u1ea3i t\u1ed1i \u0111a 150kg<\/li>\n<\/ul>\n<\/li>\n<\/ul>\n","protected":false},"featured_media":738,"comment_status":"open","ping_status":"closed","template":"","meta":{"site-sidebar-layout":"default","site-content-layout":"","ast-site-content-layout":"default","site-content-style":"default","site-sidebar-style":"default","ast-global-header-display":"","ast-banner-title-visibility":"","ast-main-header-display":"","ast-hfb-above-header-display":"","ast-hfb-below-header-display":"","ast-hfb-mobile-header-display":"","site-post-title":"","ast-breadcrumbs-content":"","ast-featured-img":"","footer-sml-layout":"","theme-transparent-header-meta":"default","adv-header-id-meta":"","stick-header-meta":"","header-above-stick-meta":"","header-main-stick-meta":"","header-below-stick-meta":"","astra-migrate-meta-layouts":"set","ast-page-background-enabled":"default","ast-page-background-meta":{"desktop":{"background-color":"var(--ast-global-color-4)","background-image":"","background-repeat":"repeat","background-position":"center center","background-size":"auto","background-attachment":"scroll","background-type":"","background-media":"","overlay-type":"","overlay-color":"","overlay-gradient":""},"tablet":{"background-color":"","background-image":"","background-repeat":"repeat","background-position":"center center","background-size":"auto","background-attachment":"scroll","background-type":"","background-media":"","overlay-type":"","overlay-color":"","overlay-gradient":""},"mobile":{"background-color":"","background-image":"","background-repeat":"repeat","background-position":"center center","background-size":"auto","background-attachment":"scroll","background-type":"","background-media":"","overlay-type":"","overlay-color":"","overlay-gradient":""}},"ast-content-background-meta":{"desktop":{"background-color":"var(--ast-global-color-5)","background-image":"","background-repeat":"repeat","background-position":"center center","background-size":"auto","background-attachment":"scroll","background-type":"","background-media":"","overlay-type":"","overlay-color":"","overlay-gradient":""},"tablet":{"background-color":"var(--ast-global-color-5)","background-image":"","background-repeat":"repeat","background-position":"center center","background-size":"auto","background-attachment":"scroll","background-type":"","background-media":"","overlay-type":"","overlay-color":"","overlay-gradient":""},"mobile":{"background-color":"var(--ast-global-color-5)","background-image":"","background-repeat":"repeat","background-position":"center center","background-size":"auto","background-attachment":"scroll","background-type":"","background-media":"","overlay-type":"","overlay-color":"","overlay-gradient":""}}},"product_cat":[25,16],"product_tag":[59],"class_list":{"0":"post-737","1":"product","2":"type-product","3":"status-publish","4":"has-post-thumbnail","6":"product_cat-twitter-dien-tro-luc","7":"product_cat-twitter-mtb","8":"product_tag-twitter-e5-pro","9":"desktop-align-left","10":"tablet-align-left","11":"mobile-align-left","13":"first","14":"instock","15":"sale","16":"shipping-taxable","17":"purchasable","18":"product-type-simple"},"jetpack_sharing_enabled":true,"_links":{"self":[{"href":"https:\/\/xedaptwitter.com.vn\/index.php?rest_route=\/wp\/v2\/product\/737","targetHints":{"allow":["GET"]}}],"collection":[{"href":"https:\/\/xedaptwitter.com.vn\/index.php?rest_route=\/wp\/v2\/product"}],"about":[{"href":"https:\/\/xedaptwitter.com.vn\/index.php?rest_route=\/wp\/v2\/types\/product"}],"replies":[{"embeddable":true,"href":"https:\/\/xedaptwitter.com.vn\/index.php?rest_route=%2Fwp%2Fv2%2Fcomments&post=737"}],"wp:featuredmedia":[{"embeddable":true,"href":"https:\/\/xedaptwitter.com.vn\/index.php?rest_route=\/wp\/v2\/media\/738"}],"wp:attachment":[{"href":"https:\/\/xedaptwitter.com.vn\/index.php?rest_route=%2Fwp%2Fv2%2Fmedia&parent=737"}],"wp:term":[{"taxonomy":"product_cat","embeddable":true,"href":"https:\/\/xedaptwitter.com.vn\/index.php?rest_route=%2Fwp%2Fv2%2Fproduct_cat&post=737"},{"taxonomy":"product_tag","embeddable":true,"href":"https:\/\/xedaptwitter.com.vn\/index.php?rest_route=%2Fwp%2Fv2%2Fproduct_tag&post=737"}],"curies":[{"name":"wp","href":"https:\/\/api.w.org\/{rel}","templated":true}]}}