{"id":1385,"date":"2026-05-06T15:21:14","date_gmt":"2026-05-06T08:21:14","guid":{"rendered":"https:\/\/xedaptwitter.com.vn\/?post_type=product&#038;p=1385"},"modified":"2026-05-06T15:21:14","modified_gmt":"2026-05-06T08:21:14","slug":"xe-dap-mtb-twitter-rider-shimano-m6100","status":"publish","type":"product","link":"https:\/\/xedaptwitter.com.vn\/?product=xe-dap-mtb-twitter-rider-shimano-m6100","title":{"rendered":"Xe \u0111\u1ea1p MTB Twitter Rider Shimano M6100"},"content":{"rendered":"<p><strong>Xe \u0111\u1ea1p th\u1ec3 thao Twitter Rider b\u00e1nh 29 inchs 2026\u00a0<\/strong><\/p>\n<div>\u2022 Khung: H\u1ee3p kim nh\u00f4m 6061, kh\u00f4ng m\u1ed1i h\u00e0n<br \/>\n\u2022 Phu\u1ed9c: Th\u1ee5t d\u1ea7u h\u1ee3p kim nh\u00f4m, kh\u00f3a vai<br \/>\n\u2022 B\u00e1nh: Retrospec 29 inch(27.5 inch), \u0111\u00f9m b\u1ea1c \u0111\u1ea1n,<br \/>\nv\u00e0nh nh\u00f4m 2 l\u1edbp<br \/>\n\u2022 Tay \u0111\u1ec1: Shimano Deore M6100<br \/>\n\u2022 G\u1ea1t \u0111\u0129a (tr\u01b0\u1edbc): Shimano Deore M6100<br \/>\n\u2022 C\u1ee7 \u0111\u1ec1 (sau): Shimano Deore M6100<br \/>\n12 t\u1ed1c \u0111\u1ed9<br \/>\n\u2022 \u0110\u00f9i \u0111\u0129a: Nh\u00f4m, 3 t\u1ea7ng, tr\u1ee5c vu\u00f4ng<br \/>\n\u2022 L\u00edp: Sugek 12 t\u1ea7ng<br \/>\n\u2022 X\u00edch: Sumc<br \/>\n\u2022 Phanh d\u1ea7u th\u1ee7y l\u1ef1c Tecktro \u0110\u00e0i loan<br \/>\n\u2022 Pedal: Nh\u00f4m ch\u1ed1ng tr\u01b0\u1ee3t<br \/>\n\u2022 C\u1ecdc y\u00ean: H\u1ee3p kim nh\u00f4m<br \/>\n\u2022 Tr\u1ecdng l\u01b0\u1ee3ng: ~13.5 \u2013 14 kg<\/div>\n","protected":false},"excerpt":{"rendered":"<p><strong>Xe \u0111\u1ea1p th\u1ec3 thao Twitter Rider b\u00e1nh 29 inchs 2026\u00a0<\/strong><\/p>\n<div>\u2022 Khung: H\u1ee3p kim nh\u00f4m 6061, kh\u00f4ng m\u1ed1i h\u00e0n<br \/>\n\u2022 Phu\u1ed9c: Th\u1ee5t d\u1ea7u h\u1ee3p kim nh\u00f4m, kh\u00f3a vai<br \/>\n\u2022 B\u00e1nh: Retrospec 29 inch(27.5 inch), \u0111\u00f9m b\u1ea1c \u0111\u1ea1n,<br \/>\nv\u00e0nh nh\u00f4m 2 l\u1edbp<br \/>\n\u2022 Tay \u0111\u1ec1: Shimano Deore M6100<br \/>\n\u2022 G\u1ea1t \u0111\u0129a (tr\u01b0\u1edbc): Shimano Deore M6100<br \/>\n\u2022 C\u1ee7 \u0111\u1ec1 (sau): Shimano Deore M6100<br \/>\n12 t\u1ed1c \u0111\u1ed9<\/div>\n","protected":false},"featured_media":1388,"comment_status":"closed","ping_status":"closed","template":"","meta":{"site-sidebar-layout":"default","site-content-layout":"","ast-site-content-layout":"default","site-content-style":"default","site-sidebar-style":"default","ast-global-header-display":"","ast-banner-title-visibility":"","ast-main-header-display":"","ast-hfb-above-header-display":"","ast-hfb-below-header-display":"","ast-hfb-mobile-header-display":"","site-post-title":"","ast-breadcrumbs-content":"","ast-featured-img":"","footer-sml-layout":"","theme-transparent-header-meta":"default","adv-header-id-meta":"","stick-header-meta":"","header-above-stick-meta":"","header-main-stick-meta":"","header-below-stick-meta":"","astra-migrate-meta-layouts":"set","ast-page-background-enabled":"default","ast-page-background-meta":{"desktop":{"background-color":"var(--ast-global-color-4)","background-image":"","background-repeat":"repeat","background-position":"center center","background-size":"auto","background-attachment":"scroll","background-type":"","background-media":"","overlay-type":"","overlay-color":"","overlay-gradient":""},"tablet":{"background-color":"","background-image":"","background-repeat":"repeat","background-position":"center center","background-size":"auto","background-attachment":"scroll","background-type":"","background-media":"","overlay-type":"","overlay-color":"","overlay-gradient":""},"mobile":{"background-color":"","background-image":"","background-repeat":"repeat","background-position":"center center","background-size":"auto","background-attachment":"scroll","background-type":"","background-media":"","overlay-type":"","overlay-color":"","overlay-gradient":""}},"ast-content-background-meta":{"desktop":{"background-color":"var(--ast-global-color-5)","background-image":"","background-repeat":"repeat","background-position":"center center","background-size":"auto","background-attachment":"scroll","background-type":"","background-media":"","overlay-type":"","overlay-color":"","overlay-gradient":""},"tablet":{"background-color":"var(--ast-global-color-5)","background-image":"","background-repeat":"repeat","background-position":"center center","background-size":"auto","background-attachment":"scroll","background-type":"","background-media":"","overlay-type":"","overlay-color":"","overlay-gradient":""},"mobile":{"background-color":"var(--ast-global-color-5)","background-image":"","background-repeat":"repeat","background-position":"center center","background-size":"auto","background-attachment":"scroll","background-type":"","background-media":"","overlay-type":"","overlay-color":"","overlay-gradient":""}}},"product_cat":[16],"product_tag":[],"class_list":{"0":"post-1385","1":"product","2":"type-product","3":"status-publish","4":"has-post-thumbnail","6":"product_cat-twitter-mtb","7":"desktop-align-left","8":"tablet-align-left","9":"mobile-align-left","11":"first","12":"instock","13":"sale","14":"shipping-taxable","15":"purchasable","16":"product-type-simple"},"jetpack_sharing_enabled":true,"_links":{"self":[{"href":"https:\/\/xedaptwitter.com.vn\/index.php?rest_route=\/wp\/v2\/product\/1385","targetHints":{"allow":["GET"]}}],"collection":[{"href":"https:\/\/xedaptwitter.com.vn\/index.php?rest_route=\/wp\/v2\/product"}],"about":[{"href":"https:\/\/xedaptwitter.com.vn\/index.php?rest_route=\/wp\/v2\/types\/product"}],"replies":[{"embeddable":true,"href":"https:\/\/xedaptwitter.com.vn\/index.php?rest_route=%2Fwp%2Fv2%2Fcomments&post=1385"}],"wp:featuredmedia":[{"embeddable":true,"href":"https:\/\/xedaptwitter.com.vn\/index.php?rest_route=\/wp\/v2\/media\/1388"}],"wp:attachment":[{"href":"https:\/\/xedaptwitter.com.vn\/index.php?rest_route=%2Fwp%2Fv2%2Fmedia&parent=1385"}],"wp:term":[{"taxonomy":"product_cat","embeddable":true,"href":"https:\/\/xedaptwitter.com.vn\/index.php?rest_route=%2Fwp%2Fv2%2Fproduct_cat&post=1385"},{"taxonomy":"product_tag","embeddable":true,"href":"https:\/\/xedaptwitter.com.vn\/index.php?rest_route=%2Fwp%2Fv2%2Fproduct_tag&post=1385"}],"curies":[{"name":"wp","href":"https:\/\/api.w.org\/{rel}","templated":true}]}}